{"id":1124,"date":"2025-07-12T14:05:50","date_gmt":"2025-07-12T12:05:50","guid":{"rendered":"https:\/\/test.yafabeauty.com\/?post_type=product&#038;p=1124"},"modified":"2025-07-12T14:06:23","modified_gmt":"2025-07-12T12:06:23","slug":"gommage-a-levres-smoother-lips","status":"publish","type":"product","link":"https:\/\/test.yafabeauty.com\/index.php\/product\/gommage-a-levres-smoother-lips\/","title":{"rendered":"Gommage a l\u00e8vres Smoother LIPS"},"content":{"rendered":"<p>Gommage \u00e0 l\u00e8vres Smoother lips \u00e0 base cacao et de miel :<br \/>\n\u2022Elimine les peaux mortes<br \/>\n\u2022Exfolie en douceur<br \/>\n\u2022Lisse et adoucit les l\u00e8vres<br \/>\n\u2022Aide \u00e0 la r\u00e9g\u00e9n\u00e9ration des l\u00e8vres noircis par le tabac ou l\u2019utilisation abusive de rouge \u00e0 l\u00e8vres.<\/p>\n<p>CECI N\u2019EST PAS UN PRODUIT DESTIN\u00c9 A RENDRE VOS LEVRES ROSES , IL EXFOLIE ET NETTOIE UNIQUEMENT !<\/p>\n","protected":false},"excerpt":{"rendered":"<p>Gommage \u00e0 l\u00e8vres Smoother lips \u00e0 base cacao et de miel : \u2022Elimine les peaux mortes \u2022Exfolie en douceur \u2022Lisse et adoucit les l\u00e8vres \u2022Aide&#8230;<\/p>\n","protected":false},"featured_media":1211,"comment_status":"open","ping_status":"closed","template":"","meta":[],"etheme_brands":[],"product_brand":[],"product_cat":[29,31],"product_tag":[],"class_list":{"0":"post-1124","1":"product","2":"type-product","3":"status-publish","4":"has-post-thumbnail","6":"product_cat-magic-skin-love","7":"product_cat-soin-de-visage","9":"first","10":"instock","11":"shipping-taxable","12":"purchasable","13":"product-type-simple"},"_links":{"self":[{"href":"https:\/\/test.yafabeauty.com\/index.php\/wp-json\/wp\/v2\/product\/1124","targetHints":{"allow":["GET"]}}],"collection":[{"href":"https:\/\/test.yafabeauty.com\/index.php\/wp-json\/wp\/v2\/product"}],"about":[{"href":"https:\/\/test.yafabeauty.com\/index.php\/wp-json\/wp\/v2\/types\/product"}],"replies":[{"embeddable":true,"href":"https:\/\/test.yafabeauty.com\/index.php\/wp-json\/wp\/v2\/comments?post=1124"}],"version-history":[{"count":1,"href":"https:\/\/test.yafabeauty.com\/index.php\/wp-json\/wp\/v2\/product\/1124\/revisions"}],"predecessor-version":[{"id":1212,"href":"https:\/\/test.yafabeauty.com\/index.php\/wp-json\/wp\/v2\/product\/1124\/revisions\/1212"}],"wp:featuredmedia":[{"embeddable":true,"href":"https:\/\/test.yafabeauty.com\/index.php\/wp-json\/wp\/v2\/media\/1211"}],"wp:attachment":[{"href":"https:\/\/test.yafabeauty.com\/index.php\/wp-json\/wp\/v2\/media?parent=1124"}],"wp:term":[{"taxonomy":"brand","embeddable":true,"href":"https:\/\/test.yafabeauty.com\/index.php\/wp-json\/wp\/v2\/etheme_brands?post=1124"},{"taxonomy":"product_brand","embeddable":true,"href":"https:\/\/test.yafabeauty.com\/index.php\/wp-json\/wp\/v2\/product_brand?post=1124"},{"taxonomy":"product_cat","embeddable":true,"href":"https:\/\/test.yafabeauty.com\/index.php\/wp-json\/wp\/v2\/product_cat?post=1124"},{"taxonomy":"product_tag","embeddable":true,"href":"https:\/\/test.yafabeauty.com\/index.php\/wp-json\/wp\/v2\/product_tag?post=1124"}],"curies":[{"name":"wp","href":"https:\/\/api.w.org\/{rel}","templated":true}]}}